
Let r(y) = 10*y**3 + 2*y**2 + 2*y - 3. Let t be 13 + -1*0/1. Suppose -5*j + t = 3. Is r(j) a composite number?
False
Suppose -3*y - 2*k = -11, 2*k = 2*y + 5*k - 9. Is 0 + y + -1 + 251 a composite number?
True
Suppose -3584 = 4*h + 2*p - 11150, 0 = -h + 4*p + 1869. Is h a composite number?
False
Is 2 - 0 - (5 - 698) prime?
False
Let u be 2466 + 0 + 1 + -1. Suppose -4*o - u = -2*o. Is o/(-15) + (-2)/10 prime?
False
Suppose 5*t - 1185 = 2020. Is t a composite number?
False
Let l(d) = -10*d + 1. Suppose 4*r = 4*n - 28 + 72, -5*r + 2*n + 70 = 0. Let j = 11 - r. Is l(j) prime?
False
Suppose -5*r + 8 = -v, r = -4*v - 4*r - 32. Suppose -6*h + h = -1385. Let f = h + v. Is f a composite number?
False
Suppose 953 = 3*o + q, 4*q = 4*o - 1367 + 107. Is o a composite number?
False
Let w = -454 - -665. Suppose -w = -3*y + 50. Is y composite?
True
Let r(d) = -d - 7. Let k(y) = 2*y + 7. Let i(v) = -2*k(v) - 3*r(v). Let m be i(5). Is m/(-7) + (-72)/(-7) a prime number?
False
Suppose -2*x - 3*x = -10. Suppose 8 = -3*h + 4*h - x*c, c = -5*h + 40. Is (38/h)/(1/4) a prime number?
True
Let n(d) = d**3 - 3*d**2 - 3*d + 2. Let a be n(4). Let o(i) = 5*i**2 + 5. Let h be o(a). Suppose -l = 4*l - h. Is l a composite number?
False
Let g(i) = 3*i**2 - 3*i + 3. Let s be g(4). Let q(k) = -k**2 - 5*k - 4. Let n be q(-4). Suppose l + n*l = s. Is l prime?
False
Suppose 0 = 5*o - b - 5 - 63, -o + 5*b + 4 = 0. Let r = 17 + o. Is r a prime number?
True
Suppose 50 = x + 4*x. Let c be 1/(-2)*x/5. Let o = c - -3. Is o a composite number?
False
Suppose 4*c - 2*c - 4*f = 16, 0 = 2*c - 2*f - 6. Let v(s) = -25*s - 2. Let o be v(c). Suppose 0 = -2*x + o + 30. Is x a composite number?
True
Let w(c) = 66*c + 5. Is w(3) a composite number?
True
Let n(m) = -92*m**3 - 3*m - 3. Is n(-2) a composite number?
False
Let c = 195 + -56. Is c prime?
True
Suppose -3*w - w - 4*o + 292 = 0, -2*w = -5*o - 118. Is w a composite number?
True
Let b = -64 - -395. Is b a prime number?
True
Let p be 0 + 0/2 + 1. Suppose 0 = b - 0*b - p. Is ((-22)/(-4))/b*4 a composite number?
True
Let f be 5/10*2 + 38. Suppose 2 = -4*q + i - 3, 3*q - i + 5 = 0. Suppose -2*p + 59 + f = q. Is p a prime number?
False
Suppose m + 3*j - 37 = 0, 0 = 2*m - 0*m + 3*j - 83. Is m a prime number?
False
Let q = -1 - -4. Let a(j) = -5*j + 3*j + j**2 + 3*j**2 - q. Is a(-3) a prime number?
False
Let p be (-100)/(-45) + 2/(-9). Is 15 + (1 - (0 + p)) composite?
True
Suppose j = -3 + 6. Let o(v) = 2*v**3 + v**2 + 4*v - 13. Let r(p) = -p**3 - 2*p + 6. Let z(u) = -2*o(u) - 5*r(u). Is z(j) a prime number?
True
Let d(l) = 2*l**3 - 8*l**2 - 6*l + 7. Suppose 0 = -q - q + 12. Is d(q) prime?
False
Let z(y) = -1 + 60*y + 0 + 3. Is z(1) a prime number?
False
Suppose -480 = -4*m - 0*w - 4*w, 0 = -2*m + 5*w + 254. Is m composite?
True
Suppose -7*b + 2*b - 75 = 0. Is (2 - b/(-9))*57 a prime number?
True
Suppose -w = -2*w - 4. Let s(y) = -y**2 - 4*y**2 + 4*y + 5 + 4*y**2 - y**3. Is s(w) prime?
True
Let v = 362 + -151. Is v composite?
False
Let a be ((-12)/7)/((-14)/343). Let m be (-3)/(3/(-29)) + 0. Let k = a - m. Is k a prime number?
True
Let u = -72 + 376. Let q = u - 177. Is q a composite number?
False
Suppose 2*v - 6*v = -4. Is (159/(-6))/(v/(-2)) a prime number?
True
Suppose -3*c - 2*c = 0. Suppose 0 = -v - c*v + 307. Is v a composite number?
False
Let z(d) = d**2 - 4*d - 4. Let y be z(5). Let g(w) be the second derivative of 53*w**4/3 + w**3/3 - w**2/2 - 10*w. Is g(y) composite?
True
Let u(r) = -r**2 + 5*r - 4. Let f be u(3). Let l(t) = -t**2 + 2*t**2 - f*t + 0*t**2. Is l(7) a composite number?
True
Let t = -562 - -879. Is t composite?
False
Let h be (14/3)/(3/(-9)). Let c = h + 10. Is (c/(-6))/(4/282) a composite number?
False
Let p(k) = 30*k**2 - 6*k + 5. Is p(3) a composite number?
False
Let w = -1638 - -2516. Is w a composite number?
True
Is (6/(-45)*6)/(4/(-790)) prime?
False
Suppose 4*s + 3*a - 6482 = 0, -4*s + 3246 = -2*s + 4*a. Is s prime?
True
Let d(m) = 5 - 4*m**2 - 13*m**3 - 4*m + 7*m - 1. Let n be d(3). Is n/(-10) + 2/(-5) a prime number?
True
Let c(y) = 9395*y**2 + 8*y - 8. Is c(1) composite?
True
Is (-27640)/(-30) + (-2)/6 a prime number?
False
Suppose 5 = -2*z - 7. Let c = z + -3. Is ((-474)/(-9))/((-6)/c) composite?
False
Is ((-7)/2)/(3/(-246)) a prime number?
False
Let d(j) = -j**3 + j**2 + 2*j + 503. Is d(0) a prime number?
True
Let i(w) = 2*w - 15. Let o be i(10). Suppose 0 = -5*m - f + 13, f + o + 0 = 4*m. Suppose -m = 4*a - 38. Is a prime?
False
Let w be -2 - (-291 + 2) - -1. Suppose -4*m - w = 2*g - 6, 2*g = m + 68. Let o = 149 + m. Is o composite?
False
Suppose -2*v = -6*v + 764. Is v composite?
False
Suppose -5*c + 5*t + 15170 = 0, -c + 6071 = c + t. Is c a prime number?
False
Let q(m) = -m**2 - 3*m - 9. Let l(i) = 2*i**2 + 6*i + 17. Let p(b) = 4*l(b) + 7*q(b). Is p(-5) a prime number?
False
Let d = 23 + -24. Is d + (1 - 1) + 162 prime?
False
Let n be 120/(-2)*2/(-5). Let f = -181 + n. Is f/(-4) + 2/(-8) a composite number?
True
Let k(g) be the first derivative of 2*g**3/3 - 4*g + 1. Let l be k(-4). Suppose h - 119 = -l. Is h composite?
True
Suppose -6*y + 497 = -1477. Is y a composite number?
True
Suppose 237 = b - 4*i + 57, i - 942 = -5*b. Let l = b + -129. Is l a composite number?
False
Suppose -9 = -2*w + 4*c + 9, -w - 3*c = 6. Suppose w*y = -6, -6 = -4*g - 2*y + 18. Is g a composite number?
False
Is 9/3*2564/6 a composite number?
True
Suppose 506 = 4*r - 202. Is 1/(3/r)*1 a composite number?
False
Let d be (-165)/(-2)*(-10)/(-3). Suppose 2*k = 7*k - d. Is k a composite number?
True
Let z = 1 - -1. Let s = 0 + z. Suppose 3*k + s*d - 207 = -28, -63 = -k - 4*d. Is k prime?
True
Suppose -2452 = 5*q - 12122. Is q a composite number?
True
Let c(m) = 385*m - 1. Let y be c(1). Is y/2 + (0 - 1) a prime number?
True
Let g(k) = -28*k - 6. Is g(-4) a prime number?
False
Suppose -5*t = -2*z + 618, -2*z = -3*z + t + 315. Is z prime?
False
Let p = -3 - -22. Is p a composite number?
False
Let d(m) = 18*m**2 + m. Is d(1) a prime number?
True
Let f(r) = -2*r**2 + 8*r - 8. Let i(m) = -m**2 + 7*m - 8. Let a(c) = 2*f(c) - 3*i(c). Let q be a(-6). Suppose -102 = -4*b + 2*u, q*b + b - 79 = 2*u. Is b prime?
True
Let u(p) = p**2 - 8*p + 2. Let x = -4 - -12. Let r be u(x). Suppose r*m - 7*m + 25 = 0, -55 = -5*z - 4*m. Is z composite?
False
Is (3/12 + (-6)/(-8))*1643 prime?
False
Suppose -4*r = -r - 1026. Suppose g = -3 + 8, -2*g = 4*f - r. Is f a prime number?
True
Suppose q - 182 = 959. Is q a composite number?
True
Is 3 - (3822 - 0)/(-3) a composite number?
False
Let i(c) = 39*c + 5. Let t(f) = -1. Let k(b) = -i(b) - t(b). Let h(s) = -s**2 - 5*s + 9. Let q be h(-7). Is k(q) a composite number?
False
Suppose 2*b = b - 4. Is -6*2/b*2 prime?
False
Let b = 45 - 24. Let s = b + -2. Is s a prime number?
True
Let j(l) = 34*l + 0 + 3 - 5 - 1. Is j(2) composite?
True
Is -4 + 3 + 81 + 3 composite?
False
Is ((-2722)/(-3))/((-2)/(-15)*5) composite?
False
Suppose 2*o + 2*g - 118 = 0, -3*o + 175 + 6 = 4*g. Suppose -11*x + 6*x = -o. Is x prime?
True
Let q = 0 + 5. Let j(c) = c**2 - 6*c + 5. Let m be j(q). Let o = 85 + m. Is o composite?
True
Let t(p) = 2*p**3 + 7. Suppose 1 = -2*l - 1. Let r be (-42)/(-8) - l/(-4). Is t(r) prime?
True
Let o(j) = -j**3 + 12*j**2 - 13*j + 19. Is o(9) prime?
False
Let o be 4*159/6 - 2. Let u be (3 - -2)*o/10. Suppose 0 = 2*n - u. Is n a composite number?
True
Suppose 4*u - 58 = 74. Let g = u + -18. Is g composite?
True
Suppose -2*v + 73 = f - 0*v, 4*f - 2*v - 262 = 0. Is f prime?
True
Suppose -2*l - 5*h + 3811 + 3221 = 0, 4*h - 17563 = -5*l. Is l a prime number?
True
Suppose 20 = -0*h - h - 5*m, -m - 30 = -5*h. Let b = -2 + h. Suppose b*r - 3*s - 69 = -s, 78 = 3*r - 5*s. Is r a prime number?
False
Suppose -444 = 3*t + 60. Is (6/8)/((-21)/t) a composite number?
True
Let o(d) = -4*d**3 + 9*d**2 - 2*d - 12. Let i be 2 - -4*(2 + -3). Let q(h) = -3*h**3 + 9*h**2 - 2*h - 11. Let m(l) = i*o(l) + 3*q(l). Is m(8) prime?
False
Is -1 + (-4 - -2) - -344 a composite number?
True
Let p = -66 + 853. Is p a prime number?
True
Let s(a) = a**3 - 8*a**2 + 8*a - 8. Let h be s(7). Let k be ((-19)/(-4))/(h/4). Is k*(2 + -2 + -1) a prime number?
True
Is (-1)/(0 + 1/(-131)) a composite number?
False
Suppose 3*j + 2 + 10 = 0, -5*j = n + 203. Let s = n 